)). What is the greatest common factor of 5 and g?
5
Suppose 74 = 4*k - 2*j, 12*k - 13*k = -4*j - 29. Let f(p) = -65*p - 81. Let r be f(-7). Calculate the highest common factor of r and k.
17
Let x(h) = 3*h**3 + 26*h**2 - 4*h - 25. Let w be x(-10). Let f = -349 - w. Let d(c) = -3*c + 3. Let u be d(-3). Calculate the greatest common factor of f and u.
12
Let z(w) = -102*w - 1163. Let y be z(-36). What is the greatest common divisor of y and 13?
13
Suppose -373414 = -54*y - 368986. Suppose -5*b = 5*a - 5335, -3*a + 0*b = 5*b - 3203. Calculate the highest common factor of a and y.
82
Let o(q) = -q**3 - 21*q**2 + 10*q - 52. Let a be o(-22). Suppose 126 = 219*t - a*t. What is the highest common divisor of 387 and t?
9
Suppose 0 = 3*q + 4*r - 1, 139*q - 3*r = 138*q + 22. Let d(h) = -62*h**3 + h**2 - h - 1. Let y be d(-1). Calculate the greatest common divisor of y and q.
7
Let t(f) = -138*f - 20. Let d be t(-1). Suppose 112*g + 210 = d*g. What is the highest common factor of g and 21?
7
Suppose z + 2*y = 7*y + 20, -2*y = -z + 11. Suppose -x - z = 0, -5*k + 107 = -4*k - 3*x. What is the greatest common factor of k and 92?
92
Let o = -3128 + 3469. Let u(l) = -l**3 - 10*l**2 - 4*l - 9. Let g be u(-10). What is the highest common factor of o and g?
31
Suppose -2*y - 103 + 41 = -4*n, -4*y = n - 11. Suppose -5*x = 4*o - 255, -2*o + 138 = 4*x - 66. Let c = 114 + x. Calculate the highest common factor of c and n.
15
Suppose -180*n + 138*n = 381 - 13947. What is the greatest common divisor of 1377 and n?
17
Let q be (((-2400)/18)/(-10))/((-1)/(-3)). Let r = 40 - q. Let t = 6 - r. What is the greatest common divisor of 10 and t?
2
Let t = -2218 + 2372. Calculate the highest common divisor of 126 and t.
14
Let i(g) = g**3 + 2*g**2 - 8*g + 5. Let h be i(2). Suppose 0 = 5*r + 10, -14 = -y + h*r + 3. Calculate the greatest common divisor of 49 and y.
7
Let a be 1671/15 + (7 - (5 + (-21)/(-15))). Let i = 2 + 1. Suppose 5*h - 2*o - 74 = 0, 6 + i = 3*o. What is the greatest common divisor of a and h?
16
Let n = 91 - 80. Suppose l + 9 = n. Let y = -17 + 35. Calculate the greatest common factor of l and y.
2
Let s(y) = 197*y**2 + 36*y - 35. Let o be s(1). Suppose 4*u = 2*u + 12. Calculate the greatest common divisor of o and u.
6
Let z = 8468 + -7850. What is the highest common divisor of 1442 and z?
206
Suppose d - 2*a - 20 = -3*d, 0 = -3*d - a + 5. Suppose 1785 = 4*r + d*r. What is the greatest common factor of r and 15?
15
Suppose -325*y = -328*y - 3*j + 2646, -5*y - 2*j + 4428 = 0. What is the highest common factor of y and 48?
24
Let j be (1/(5/3))/(((-20736)/5670)/(-128)). Suppose -4*x + 4 = -4. Suppose q + 0 = 2, x*q + 38 = r. What is the greatest common factor of r and j?
21
Let f = -1721 + 1739. Calculate the highest common divisor of 43866 and f.
18
Let m be 1336464/2088 - (2 + 112/(-58)). Calculate the highest common divisor of 60 and m.
20
Let m be (-30)/4*(-63 - -59). Let c(f) = -f**3 + 31*f**2 - 26*f - 95. Let r be c(m). Suppose 4*o - 3*o - 20 = 0. What is the highest common divisor of r and o?
5
Suppose 3*l - w - 98 = w, 0 = 4*l + 3*w - 142. Let s be 231/105 - 1168/(-10). Calculate the highest common divisor of s and l.
17
Let w be -2 + (-1 + 0)*-557. Let h = -25455 + 25470. What is the highest common divisor of w and h?
15
Let j be (49 + -6)/(36/108). Calculate the greatest common divisor of 4945 and j.
43
Let h be (6/(-6) - 2/(-2))/1. Suppose -11*x + 0*x + 605 = h. What is the greatest common divisor of x and 22?
11
Let z = 3520 + -3376. Calculate the highest common divisor of 27 and z.
9
Let f = 2595 + -2559. Calculate the greatest common divisor of 18 and f.
18
Let t(i) = 0*i**2 - i - 13*i + 2*i - i**2. Let p = -16 + 5. Let q be t(p). Calculate the highest common divisor of 55 and q.
11
Suppose 5*i + 41 = 3*q, -11*i + 0 + 55 = 0. Calculate the greatest common factor of 5126 and q.
22
Let z be ((-3)/(-2) - 1)/(206/75808). Suppose 4*k + 5*n = z, -3*k + 9*n + 169 = 5*n. What is the greatest common factor of 119 and k?
17
Suppose 110 = -62*x + 72*x. What is the highest common divisor of 11 and x?
11
Let g = -17348 - -17358. Let t = 1083 + -193. Calculate the greatest common divisor of g and t.
10
Let l(y) = 8*y**2 - 19*y + 205. Let b be l(9). Suppose -11*c = -22*c + b. Calculate the highest common factor of 713 and c.
31
Let a be 766*(390/140 - 8/28). Suppose c - 661 = -4*k, 13*k + a = 3*c + 8*k. What is the highest common factor of c and 86?
43
Let s(v) = -2*v**2 - 11*v + 20. Let x be s(-5). What is the highest common factor of x and 220?
5
Suppose -4*w = -827 - 1425 - 8548. Calculate the greatest common divisor of w and 2475.
225
Suppose -314*p = -376*p + 18290. What is the highest common factor of 15 and p?
5
Let w be (6906/12)/((-9)/(-3) + -2)*2. Calculate the highest common factor of w and 1.
1
Suppose -24*u + 23*u - d = -30, 4*d - 56 = -2*u. What is the highest common factor of u and 1?
1
Let t = 27 + -15. Let j = -769 - -1198. Let u = 561 - j. Calculate the greatest common factor of u and t.
12
Suppose -16*d - 186 = -22*d. Suppose n - 3*j = -j - 26, j = -5*n - 141. Let s = n + d. What is the greatest common divisor of s and 2?
1
Let m be (0 + -4)/((-12)/54). Suppose -6051*l - 136 = -3047*l - 3038*l. What is the greatest common factor of l and m?
2
Suppose 4*t = -0*t + 48. Let z be -2 - 56/(-26) - 1400/(-26). Let s be -1*z*6/(-9). What is the highest common factor of t and s?
12
Suppose 2*u = -24 + 104. Suppose t + u = 3*a, -5*a - 5*t = -3*a - 4. Let b be -1 + (-16)/a*1*-6. What is the highest common divisor of b and 1?
1
Let f(y) = 88*y + 15. Let r be (0 + -1)*5 + 3. Let i be f(r). Let p = i - -261. What is the highest common divisor of p and 50?
50
Suppose 0 = 228*t - 115*t - 389850. Calculate the highest common factor of 1500 and t.
150
Suppose -4*k + 28 = 8. Suppose -20 = -5*p + k. Let w be 2/(-6)*5*(p + -26). Calculate the greatest common divisor of 7 and w.
7
Let h = -30 - -28. Let i be h - ((-504)/3 - -1). Let a be (-194)/(-6) - (-4)/6. Calculate the greatest common factor of i and a.
33
Let j(v) = 2*v**2 + 46*v - 32. Let p be j(-24). Let y be (-4)/p - (-3)/12*141. Suppose r + 15 = 4*r. What is the greatest common factor of y and r?
5
Let c = 352 - 353. Let z(q) = 17*q**2 - 39*q - 39. Let i be z(c). Calculate the greatest common divisor of 136 and i.
17
Let q = -93 - -108. Let i be q*7/70*174. What is the highest common divisor of i and 9?
9
Let x = -1587 + 1602. Calculate the highest common divisor of 117 and x.
3
Let r(z) = z**3 + 27*z**2 + 139*z + 444. Let m be r(-13). Calculate the greatest common factor of 1239 and m.
59
Let o(c) = -2*c**3 + 2*c**2 + c + 1. Let l be o(-2). Let f(a) = -43*a + 3. Let u be f(2). Let b = -60 - u. Calculate the greatest common factor of l and b.
23
Let m(r) = -r**2 + 160*r - 6028. Let z be m(61). Let i = 13 - 7. Let f(k) = 4*k**2 - 5*k + 7. Let h be f(i). Calculate the greatest common factor of h and z.
11
Suppose 47*b = 106*b + 59*b - 5664. Calculate the greatest common divisor of b and 3576.
24
Suppose 2*d = -3*h + 4, 0 = 5*h - h + d - 12. Let o be (-2)/14 + (-324)/(-14). Let m = h + o. Calculate the greatest common factor of m and 54.
27
Suppose -p - 2*b + 575 = 0, 77 = -4*p + 3*b + 2432. What is the greatest common factor of 420 and p?
15
Let w = -40 - -57. Suppose -2*x - 14 = 2*v, 9*v + 2*x + 11 = 4*v. What is the greatest common divisor of w and v?
1
Suppose l = -3*u - 63, 2*l = 5*u - 3*l + 105. Let x be (72/u)/((-2)/(-14)). Let p = x - -34. What is the highest common divisor of p and 25?
5
Let t = -3496 + 3498. What is the greatest common divisor of 5724 and t?
2
Let o(n) = 33*n + 42. Let v be o(14). Let r = v - 270. Calculate the greatest common factor of r and 18.
18
Let u = -65 + 78. Suppose 0 = u*v - 3*v - 140. Suppose v*n + 35 = 413. What is the greatest common factor of n and 54?
27
Suppose 3*o - 64214 = -4*y, -1420*o + 1419*o = 6. Calculate the greatest common factor of y and 93.
31
Let k = 21 - 31. Let d be (-9 + 7)/(4/k). Suppose -d*b = -48 - 22. What is the greatest common divisor of b and 35?
7
Let n(k) = -119*k - 3751. Let s be n(-49). Calculate the greatest common divisor of s and 39.
13
Suppose 5*f = -24 + 4, -2*f = 4*k - 36. Suppose 5*i - 9*c - 69 = -k*c, -3*i = -c - 37. What is t